{"id":42,"date":"2016-03-25T09:55:17","date_gmt":"2016-03-25T08:55:17","guid":{"rendered":"http:\/\/www.zauberhaft-salzburg.com\/?page_id=42"},"modified":"2021-01-05T18:10:42","modified_gmt":"2021-01-05T17:10:42","slug":"busisnessoutfits","status":"publish","type":"page","link":"https:\/\/www.zauberhaft-salzburg.com\/?page_id=42","title":{"rendered":"Businessoutfits"},"content":{"rendered":"\n<p class=\"has-text-align-center\">Sie sind Ihre beste Visitenkarte!<\/p>\n\n\n\n<p class=\"has-text-align-center\">Ma\u00dfgeschneiderte Businessoutfits sind die Antwort darauf, dass Sie sich von der Masse abheben&#8230;<\/p>\n\n\n\n<p class=\"has-text-align-center\">Ob M\u00e4nner oder Frauen- bei mir bekommen alle das,<\/p>\n\n\n\n<p class=\"has-text-align-center\">was Ihre Pers\u00f6nlichkeit modisch am Besten unterstreicht.<\/p>\n\n\n\n<figure class=\"wp-block-image size-large\"><img loading=\"lazy\" width=\"1024\" height=\"683\" src=\"https:\/\/www.zauberhaft-salzburg.com\/wp-content\/uploads\/2021\/01\/easyauto-Web-194-1024x683.jpg\" alt=\"\" class=\"wp-image-248\" srcset=\"https:\/\/www.zauberhaft-salzburg.com\/wp-content\/uploads\/2021\/01\/easyauto-Web-194-1024x683.jpg 1024w, https:\/\/www.zauberhaft-salzburg.com\/wp-content\/uploads\/2021\/01\/easyauto-Web-194-300x200.jpg 300w, https:\/\/www.zauberhaft-salzburg.com\/wp-content\/uploads\/2021\/01\/easyauto-Web-194-768x512.jpg 768w, https:\/\/www.zauberhaft-salzburg.com\/wp-content\/uploads\/2021\/01\/easyauto-Web-194-1536x1024.jpg 1536w, https:\/\/www.zauberhaft-salzburg.com\/wp-content\/uploads\/2021\/01\/easyauto-Web-194.jpg 1920w\" sizes=\"(max-width: 1024px) 100vw, 1024px\" \/><\/figure>\n\n\n\n<figure class=\"wp-block-gallery columns-3 is-cropped\"><ul class=\"blocks-gallery-grid\"><li class=\"blocks-gallery-item\"><figure><img loading=\"lazy\" width=\"768\" height=\"1024\" src=\"https:\/\/www.zauberhaft-salzburg.com\/wp-content\/uploads\/2021\/01\/41145504-26f0-4b38-a330-34c444e475d7-768x1024.jpg\" alt=\"\" data-id=\"257\" data-full-url=\"https:\/\/www.zauberhaft-salzburg.com\/wp-content\/uploads\/2021\/01\/41145504-26f0-4b38-a330-34c444e475d7.jpg\" data-link=\"https:\/\/www.zauberhaft-salzburg.com\/?attachment_id=257\" class=\"wp-image-257\" srcset=\"https:\/\/www.zauberhaft-salzburg.com\/wp-content\/uploads\/2021\/01\/41145504-26f0-4b38-a330-34c444e475d7-768x1024.jpg 768w, https:\/\/www.zauberhaft-salzburg.com\/wp-content\/uploads\/2021\/01\/41145504-26f0-4b38-a330-34c444e475d7-225x300.jpg 225w, https:\/\/www.zauberhaft-salzburg.com\/wp-content\/uploads\/2021\/01\/41145504-26f0-4b38-a330-34c444e475d7-1152x1536.jpg 1152w, https:\/\/www.zauberhaft-salzburg.com\/wp-content\/uploads\/2021\/01\/41145504-26f0-4b38-a330-34c444e475d7.jpg 1200w\" sizes=\"(max-width: 768px) 100vw, 768px\" \/><\/figure><\/li><li class=\"blocks-gallery-item\"><figure><img loading=\"lazy\" width=\"683\" height=\"1024\" src=\"https:\/\/www.zauberhaft-salzburg.com\/wp-content\/uploads\/2021\/01\/easyauto-Web-196-683x1024.jpg\" alt=\"\" data-id=\"247\" data-full-url=\"https:\/\/www.zauberhaft-salzburg.com\/wp-content\/uploads\/2021\/01\/easyauto-Web-196.jpg\" data-link=\"https:\/\/www.zauberhaft-salzburg.com\/?attachment_id=247\" class=\"wp-image-247\" srcset=\"https:\/\/www.zauberhaft-salzburg.com\/wp-content\/uploads\/2021\/01\/easyauto-Web-196-683x1024.jpg 683w, https:\/\/www.zauberhaft-salzburg.com\/wp-content\/uploads\/2021\/01\/easyauto-Web-196-200x300.jpg 200w, https:\/\/www.zauberhaft-salzburg.com\/wp-content\/uploads\/2021\/01\/easyauto-Web-196-768x1152.jpg 768w, https:\/\/www.zauberhaft-salzburg.com\/wp-content\/uploads\/2021\/01\/easyauto-Web-196-1024x1536.jpg 1024w, https:\/\/www.zauberhaft-salzburg.com\/wp-content\/uploads\/2021\/01\/easyauto-Web-196.jpg 1280w\" sizes=\"(max-width: 683px) 100vw, 683px\" \/><\/figure><\/li><li class=\"blocks-gallery-item\"><figure><img loading=\"lazy\" width=\"1024\" height=\"683\" src=\"https:\/\/www.zauberhaft-salzburg.com\/wp-content\/uploads\/2021\/01\/easyauto-Web-194-1024x683.jpg\" alt=\"\" data-id=\"248\" data-full-url=\"https:\/\/www.zauberhaft-salzburg.com\/wp-content\/uploads\/2021\/01\/easyauto-Web-194.jpg\" data-link=\"https:\/\/www.zauberhaft-salzburg.com\/?attachment_id=248\" class=\"wp-image-248\" srcset=\"https:\/\/www.zauberhaft-salzburg.com\/wp-content\/uploads\/2021\/01\/easyauto-Web-194-1024x683.jpg 1024w, https:\/\/www.zauberhaft-salzburg.com\/wp-content\/uploads\/2021\/01\/easyauto-Web-194-300x200.jpg 300w, https:\/\/www.zauberhaft-salzburg.com\/wp-content\/uploads\/2021\/01\/easyauto-Web-194-768x512.jpg 768w, https:\/\/www.zauberhaft-salzburg.com\/wp-content\/uploads\/2021\/01\/easyauto-Web-194-1536x1024.jpg 1536w, https:\/\/www.zauberhaft-salzburg.com\/wp-content\/uploads\/2021\/01\/easyauto-Web-194.jpg 1920w\" sizes=\"(max-width: 1024px) 100vw, 1024px\" \/><\/figure><\/li><li class=\"blocks-gallery-item\"><figure><img loading=\"lazy\" width=\"768\" height=\"1024\" src=\"https:\/\/www.zauberhaft-salzburg.com\/wp-content\/uploads\/2021\/01\/11a98859-2384-4168-911e-65f5c15748bc.jpg\" alt=\"\" data-id=\"253\" data-full-url=\"https:\/\/www.zauberhaft-salzburg.com\/wp-content\/uploads\/2021\/01\/11a98859-2384-4168-911e-65f5c15748bc.jpg\" data-link=\"https:\/\/www.zauberhaft-salzburg.com\/?attachment_id=253\" class=\"wp-image-253\" srcset=\"https:\/\/www.zauberhaft-salzburg.com\/wp-content\/uploads\/2021\/01\/11a98859-2384-4168-911e-65f5c15748bc.jpg 768w, https:\/\/www.zauberhaft-salzburg.com\/wp-content\/uploads\/2021\/01\/11a98859-2384-4168-911e-65f5c15748bc-225x300.jpg 225w\" sizes=\"(max-width: 768px) 100vw, 768px\" \/><\/figure><\/li><li class=\"blocks-gallery-item\"><figure><img loading=\"lazy\" width=\"1024\" height=\"683\" src=\"https:\/\/www.zauberhaft-salzburg.com\/wp-content\/uploads\/2021\/01\/easyauto-Web-201-1024x683.jpg\" alt=\"\" data-id=\"252\" data-full-url=\"https:\/\/www.zauberhaft-salzburg.com\/wp-content\/uploads\/2021\/01\/easyauto-Web-201.jpg\" data-link=\"https:\/\/www.zauberhaft-salzburg.com\/?attachment_id=252\" class=\"wp-image-252\" srcset=\"https:\/\/www.zauberhaft-salzburg.com\/wp-content\/uploads\/2021\/01\/easyauto-Web-201-1024x683.jpg 1024w, https:\/\/www.zauberhaft-salzburg.com\/wp-content\/uploads\/2021\/01\/easyauto-Web-201-300x200.jpg 300w, https:\/\/www.zauberhaft-salzburg.com\/wp-content\/uploads\/2021\/01\/easyauto-Web-201-768x512.jpg 768w, https:\/\/www.zauberhaft-salzburg.com\/wp-content\/uploads\/2021\/01\/easyauto-Web-201-1536x1024.jpg 1536w, https:\/\/www.zauberhaft-salzburg.com\/wp-content\/uploads\/2021\/01\/easyauto-Web-201.jpg 1920w\" sizes=\"(max-width: 1024px) 100vw, 1024px\" \/><\/figure><\/li><\/ul><\/figure>\n\n\n\n<figure class=\"wp-block-image size-large\"><img loading=\"lazy\" width=\"683\" height=\"1024\" src=\"https:\/\/www.zauberhaft-salzburg.com\/wp-content\/uploads\/2021\/01\/easyauto-Web-204-683x1024.jpg\" alt=\"\" class=\"wp-image-255\" srcset=\"https:\/\/www.zauberhaft-salzburg.com\/wp-content\/uploads\/2021\/01\/easyauto-Web-204-683x1024.jpg 683w, https:\/\/www.zauberhaft-salzburg.com\/wp-content\/uploads\/2021\/01\/easyauto-Web-204-200x300.jpg 200w, https:\/\/www.zauberhaft-salzburg.com\/wp-content\/uploads\/2021\/01\/easyauto-Web-204-768x1152.jpg 768w, https:\/\/www.zauberhaft-salzburg.com\/wp-content\/uploads\/2021\/01\/easyauto-Web-204-1024x1536.jpg 1024w, https:\/\/www.zauberhaft-salzburg.com\/wp-content\/uploads\/2021\/01\/easyauto-Web-204.jpg 1280w\" sizes=\"(max-width: 683px) 100vw, 683px\" \/><\/figure>\n\n\n\n<figure class=\"wp-block-gallery columns-3 is-cropped\"><ul class=\"blocks-gallery-grid\"><li class=\"blocks-gallery-item\"><figure><img loading=\"lazy\" width=\"683\" height=\"1024\" src=\"https:\/\/www.zauberhaft-salzburg.com\/wp-content\/uploads\/2021\/01\/IMG_4123-683x1024.jpg\" alt=\"\" data-id=\"254\" data-full-url=\"https:\/\/www.zauberhaft-salzburg.com\/wp-content\/uploads\/2021\/01\/IMG_4123-scaled.jpg\" data-link=\"https:\/\/www.zauberhaft-salzburg.com\/?attachment_id=254\" class=\"wp-image-254\" srcset=\"https:\/\/www.zauberhaft-salzburg.com\/wp-content\/uploads\/2021\/01\/IMG_4123-683x1024.jpg 683w, https:\/\/www.zauberhaft-salzburg.com\/wp-content\/uploads\/2021\/01\/IMG_4123-200x300.jpg 200w, https:\/\/www.zauberhaft-salzburg.com\/wp-content\/uploads\/2021\/01\/IMG_4123-768x1152.jpg 768w, https:\/\/www.zauberhaft-salzburg.com\/wp-content\/uploads\/2021\/01\/IMG_4123-1024x1536.jpg 1024w, https:\/\/www.zauberhaft-salzburg.com\/wp-content\/uploads\/2021\/01\/IMG_4123-1365x2048.jpg 1365w, https:\/\/www.zauberhaft-salzburg.com\/wp-content\/uploads\/2021\/01\/IMG_4123-scaled.jpg 1707w\" sizes=\"(max-width: 683px) 100vw, 683px\" \/><\/figure><\/li><li class=\"blocks-gallery-item\"><figure><img loading=\"lazy\" width=\"683\" height=\"1024\" src=\"https:\/\/www.zauberhaft-salzburg.com\/wp-content\/uploads\/2021\/01\/IMG_4122-683x1024.jpg\" alt=\"\" data-id=\"249\" data-full-url=\"https:\/\/www.zauberhaft-salzburg.com\/wp-content\/uploads\/2021\/01\/IMG_4122-scaled.jpg\" data-link=\"https:\/\/www.zauberhaft-salzburg.com\/?attachment_id=249\" class=\"wp-image-249\" srcset=\"https:\/\/www.zauberhaft-salzburg.com\/wp-content\/uploads\/2021\/01\/IMG_4122-683x1024.jpg 683w, https:\/\/www.zauberhaft-salzburg.com\/wp-content\/uploads\/2021\/01\/IMG_4122-200x300.jpg 200w, https:\/\/www.zauberhaft-salzburg.com\/wp-content\/uploads\/2021\/01\/IMG_4122-768x1152.jpg 768w, https:\/\/www.zauberhaft-salzburg.com\/wp-content\/uploads\/2021\/01\/IMG_4122-1024x1536.jpg 1024w, https:\/\/www.zauberhaft-salzburg.com\/wp-content\/uploads\/2021\/01\/IMG_4122-1365x2048.jpg 1365w, https:\/\/www.zauberhaft-salzburg.com\/wp-content\/uploads\/2021\/01\/IMG_4122-scaled.jpg 1706w\" sizes=\"(max-width: 683px) 100vw, 683px\" \/><\/figure><\/li><li class=\"blocks-gallery-item\"><figure><img loading=\"lazy\" width=\"683\" height=\"1024\" src=\"https:\/\/www.zauberhaft-salzburg.com\/wp-content\/uploads\/2021\/01\/IMG_4141-683x1024.jpg\" alt=\"\" data-id=\"250\" data-full-url=\"https:\/\/www.zauberhaft-salzburg.com\/wp-content\/uploads\/2021\/01\/IMG_4141-scaled.jpg\" data-link=\"https:\/\/www.zauberhaft-salzburg.com\/?attachment_id=250\" class=\"wp-image-250\" srcset=\"https:\/\/www.zauberhaft-salzburg.com\/wp-content\/uploads\/2021\/01\/IMG_4141-683x1024.jpg 683w, https:\/\/www.zauberhaft-salzburg.com\/wp-content\/uploads\/2021\/01\/IMG_4141-200x300.jpg 200w, https:\/\/www.zauberhaft-salzburg.com\/wp-content\/uploads\/2021\/01\/IMG_4141-768x1152.jpg 768w, https:\/\/www.zauberhaft-salzburg.com\/wp-content\/uploads\/2021\/01\/IMG_4141-1024x1536.jpg 1024w, https:\/\/www.zauberhaft-salzburg.com\/wp-content\/uploads\/2021\/01\/IMG_4141-1365x2048.jpg 1365w, https:\/\/www.zauberhaft-salzburg.com\/wp-content\/uploads\/2021\/01\/IMG_4141-scaled.jpg 1707w\" sizes=\"(max-width: 683px) 100vw, 683px\" \/><\/figure><\/li><\/ul><\/figure>\n\n\n\n<div class=\"wp-block-image\"><figure class=\"aligncenter\"><img loading=\"lazy\" width=\"1024\" height=\"768\" src=\"http:\/\/www.zauberhaft-salzburg.com\/wp-content\/uploads\/2016\/05\/IMG_7398-1024x768.jpg\" alt=\"IMG_7398\" class=\"wp-image-131\" srcset=\"https:\/\/www.zauberhaft-salzburg.com\/wp-content\/uploads\/2016\/05\/IMG_7398-1024x768.jpg 1024w, https:\/\/www.zauberhaft-salzburg.com\/wp-content\/uploads\/2016\/05\/IMG_7398-300x225.jpg 300w, https:\/\/www.zauberhaft-salzburg.com\/wp-content\/uploads\/2016\/05\/IMG_7398-768x576.jpg 768w\" sizes=\"(max-width: 1024px) 100vw, 1024px\" \/><\/figure><\/div>\n\n\n\n<div class=\"wp-block-image\"><figure class=\"aligncenter\"><img loading=\"lazy\" width=\"1024\" height=\"768\" src=\"http:\/\/www.zauberhaft-salzburg.com\/wp-content\/uploads\/2016\/05\/IMG_7405-1024x768.jpg\" alt=\"IMG_7405\" class=\"wp-image-133\" srcset=\"https:\/\/www.zauberhaft-salzburg.com\/wp-content\/uploads\/2016\/05\/IMG_7405-1024x768.jpg 1024w, https:\/\/www.zauberhaft-salzburg.com\/wp-content\/uploads\/2016\/05\/IMG_7405-300x225.jpg 300w, https:\/\/www.zauberhaft-salzburg.com\/wp-content\/uploads\/2016\/05\/IMG_7405-768x576.jpg 768w\" sizes=\"(max-width: 1024px) 100vw, 1024px\" \/><\/figure><\/div>\n","protected":false},"excerpt":{"rendered":"<p>Sie sind Ihre beste Visitenkarte! Ma\u00dfgeschneiderte Businessoutfits sind die Antwort darauf, dass Sie sich von der Masse abheben&#8230; Ob M\u00e4nner oder Frauen- bei mir bekommen alle das, was Ihre Pers\u00f6nlichkeit modisch am Besten unterstreicht.<\/p>\n","protected":false},"author":1,"featured_media":0,"parent":0,"menu_order":2,"comment_status":"closed","ping_status":"closed","template":"","meta":[],"amp_validity":null,"amp_enabled":true,"_links":{"self":[{"href":"https:\/\/www.zauberhaft-salzburg.com\/index.php?rest_route=\/wp\/v2\/pages\/42"}],"collection":[{"href":"https:\/\/www.zauberhaft-salzburg.com\/index.php?rest_route=\/wp\/v2\/pages"}],"about":[{"href":"https:\/\/www.zauberhaft-salzburg.com\/index.php?rest_route=\/wp\/v2\/types\/page"}],"author":[{"embeddable":true,"href":"https:\/\/www.zauberhaft-salzburg.com\/index.php?rest_route=\/wp\/v2\/users\/1"}],"replies":[{"embeddable":true,"href":"https:\/\/www.zauberhaft-salzburg.com\/index.php?rest_route=%2Fwp%2Fv2%2Fcomments&post=42"}],"version-history":[{"count":10,"href":"https:\/\/www.zauberhaft-salzburg.com\/index.php?rest_route=\/wp\/v2\/pages\/42\/revisions"}],"predecessor-version":[{"id":316,"href":"https:\/\/www.zauberhaft-salzburg.com\/index.php?rest_route=\/wp\/v2\/pages\/42\/revisions\/316"}],"wp:attachment":[{"href":"https:\/\/www.zauberhaft-salzburg.com\/index.php?rest_route=%2Fwp%2Fv2%2Fmedia&parent=42"}],"curies":[{"name":"wp","href":"https:\/\/api.w.org\/{rel}","templated":true}]}}