{"id":49,"date":"2016-03-25T09:57:47","date_gmt":"2016-03-25T08:57:47","guid":{"rendered":"http:\/\/www.zauberhaft-salzburg.com\/?page_id=49"},"modified":"2021-01-05T18:54:40","modified_gmt":"2021-01-05T17:54:40","slug":"abendmode","status":"publish","type":"page","link":"https:\/\/www.zauberhaft-salzburg.com\/?page_id=49","title":{"rendered":"Abendmode"},"content":{"rendered":"\n<p class=\"has-text-align-center aligncenter\">Ein Abendkleid &#8211; gemacht nur f\u00fcr die Frau, die es tr\u00e4gt -ist ein Traum f\u00fcr Viele.<\/p>\n\n\n\n<p class=\"has-text-align-center aligncenter\">Im Atelier Zauberhaft kreiere ich Ihnen Ihren pers\u00f6nlichen, atemberaubenden Hingucker,<\/p>\n\n\n\n<p class=\"has-text-align-center aligncenter\">\u00fcber den Sie sich ein ganzes Leben freuen werden!<\/p>\n\n\n\n<figure class=\"wp-block-gallery columns-0 is-cropped\"><ul class=\"blocks-gallery-grid\"><\/ul><\/figure>\n\n\n\n<figure class=\"wp-block-gallery columns-3 is-cropped\"><ul class=\"blocks-gallery-grid\"><li class=\"blocks-gallery-item\"><figure><img loading=\"lazy\" width=\"575\" height=\"1024\" src=\"https:\/\/www.zauberhaft-salzburg.com\/wp-content\/uploads\/2021\/01\/2a2d20a9-db7a-48cc-97bb-79ec5f8c6aa7-575x1024.jpg\" alt=\"\" data-id=\"330\" data-full-url=\"https:\/\/www.zauberhaft-salzburg.com\/wp-content\/uploads\/2021\/01\/2a2d20a9-db7a-48cc-97bb-79ec5f8c6aa7.jpg\" data-link=\"https:\/\/www.zauberhaft-salzburg.com\/?attachment_id=330\" class=\"wp-image-330\" srcset=\"https:\/\/www.zauberhaft-salzburg.com\/wp-content\/uploads\/2021\/01\/2a2d20a9-db7a-48cc-97bb-79ec5f8c6aa7-575x1024.jpg 575w, https:\/\/www.zauberhaft-salzburg.com\/wp-content\/uploads\/2021\/01\/2a2d20a9-db7a-48cc-97bb-79ec5f8c6aa7-168x300.jpg 168w, https:\/\/www.zauberhaft-salzburg.com\/wp-content\/uploads\/2021\/01\/2a2d20a9-db7a-48cc-97bb-79ec5f8c6aa7-768x1368.jpg 768w, https:\/\/www.zauberhaft-salzburg.com\/wp-content\/uploads\/2021\/01\/2a2d20a9-db7a-48cc-97bb-79ec5f8c6aa7-862x1536.jpg 862w, https:\/\/www.zauberhaft-salzburg.com\/wp-content\/uploads\/2021\/01\/2a2d20a9-db7a-48cc-97bb-79ec5f8c6aa7.jpg 898w\" sizes=\"(max-width: 575px) 100vw, 575px\" \/><\/figure><\/li><li class=\"blocks-gallery-item\"><figure><img loading=\"lazy\" width=\"575\" height=\"1024\" src=\"https:\/\/www.zauberhaft-salzburg.com\/wp-content\/uploads\/2021\/01\/c36c2fef-3915-4e22-be1f-934ab0715fd6-575x1024.jpg\" alt=\"\" data-id=\"331\" data-full-url=\"https:\/\/www.zauberhaft-salzburg.com\/wp-content\/uploads\/2021\/01\/c36c2fef-3915-4e22-be1f-934ab0715fd6.jpg\" data-link=\"https:\/\/www.zauberhaft-salzburg.com\/?attachment_id=331\" class=\"wp-image-331\" srcset=\"https:\/\/www.zauberhaft-salzburg.com\/wp-content\/uploads\/2021\/01\/c36c2fef-3915-4e22-be1f-934ab0715fd6-575x1024.jpg 575w, https:\/\/www.zauberhaft-salzburg.com\/wp-content\/uploads\/2021\/01\/c36c2fef-3915-4e22-be1f-934ab0715fd6-168x300.jpg 168w, https:\/\/www.zauberhaft-salzburg.com\/wp-content\/uploads\/2021\/01\/c36c2fef-3915-4e22-be1f-934ab0715fd6-768x1368.jpg 768w, https:\/\/www.zauberhaft-salzburg.com\/wp-content\/uploads\/2021\/01\/c36c2fef-3915-4e22-be1f-934ab0715fd6-862x1536.jpg 862w, https:\/\/www.zauberhaft-salzburg.com\/wp-content\/uploads\/2021\/01\/c36c2fef-3915-4e22-be1f-934ab0715fd6.jpg 898w\" sizes=\"(max-width: 575px) 100vw, 575px\" \/><\/figure><\/li><li class=\"blocks-gallery-item\"><figure><img loading=\"lazy\" width=\"575\" height=\"1024\" src=\"https:\/\/www.zauberhaft-salzburg.com\/wp-content\/uploads\/2021\/01\/c89e944e-b286-4119-bef3-9d619a14206d-575x1024.jpg\" alt=\"\" data-id=\"332\" data-full-url=\"https:\/\/www.zauberhaft-salzburg.com\/wp-content\/uploads\/2021\/01\/c89e944e-b286-4119-bef3-9d619a14206d.jpg\" data-link=\"https:\/\/www.zauberhaft-salzburg.com\/?attachment_id=332\" class=\"wp-image-332\" srcset=\"https:\/\/www.zauberhaft-salzburg.com\/wp-content\/uploads\/2021\/01\/c89e944e-b286-4119-bef3-9d619a14206d-575x1024.jpg 575w, https:\/\/www.zauberhaft-salzburg.com\/wp-content\/uploads\/2021\/01\/c89e944e-b286-4119-bef3-9d619a14206d-168x300.jpg 168w, https:\/\/www.zauberhaft-salzburg.com\/wp-content\/uploads\/2021\/01\/c89e944e-b286-4119-bef3-9d619a14206d-768x1368.jpg 768w, https:\/\/www.zauberhaft-salzburg.com\/wp-content\/uploads\/2021\/01\/c89e944e-b286-4119-bef3-9d619a14206d-862x1536.jpg 862w, https:\/\/www.zauberhaft-salzburg.com\/wp-content\/uploads\/2021\/01\/c89e944e-b286-4119-bef3-9d619a14206d.jpg 898w\" sizes=\"(max-width: 575px) 100vw, 575px\" \/><\/figure><\/li><li class=\"blocks-gallery-item\"><figure><img loading=\"lazy\" width=\"575\" height=\"1024\" src=\"https:\/\/www.zauberhaft-salzburg.com\/wp-content\/uploads\/2021\/01\/d65f9684-e415-4d86-a2fa-6c4e1448b865-575x1024.jpg\" alt=\"\" data-id=\"333\" data-full-url=\"https:\/\/www.zauberhaft-salzburg.com\/wp-content\/uploads\/2021\/01\/d65f9684-e415-4d86-a2fa-6c4e1448b865.jpg\" data-link=\"https:\/\/www.zauberhaft-salzburg.com\/?attachment_id=333\" class=\"wp-image-333\" srcset=\"https:\/\/www.zauberhaft-salzburg.com\/wp-content\/uploads\/2021\/01\/d65f9684-e415-4d86-a2fa-6c4e1448b865-575x1024.jpg 575w, https:\/\/www.zauberhaft-salzburg.com\/wp-content\/uploads\/2021\/01\/d65f9684-e415-4d86-a2fa-6c4e1448b865-168x300.jpg 168w, https:\/\/www.zauberhaft-salzburg.com\/wp-content\/uploads\/2021\/01\/d65f9684-e415-4d86-a2fa-6c4e1448b865-768x1368.jpg 768w, https:\/\/www.zauberhaft-salzburg.com\/wp-content\/uploads\/2021\/01\/d65f9684-e415-4d86-a2fa-6c4e1448b865-862x1536.jpg 862w, https:\/\/www.zauberhaft-salzburg.com\/wp-content\/uploads\/2021\/01\/d65f9684-e415-4d86-a2fa-6c4e1448b865.jpg 898w\" sizes=\"(max-width: 575px) 100vw, 575px\" \/><\/figure><\/li><li class=\"blocks-gallery-item\"><figure><img loading=\"lazy\" width=\"575\" height=\"1024\" src=\"https:\/\/www.zauberhaft-salzburg.com\/wp-content\/uploads\/2021\/01\/c746dc8e-f2a7-461b-8c65-e9f001371e73-575x1024.jpg\" alt=\"\" data-id=\"334\" data-full-url=\"https:\/\/www.zauberhaft-salzburg.com\/wp-content\/uploads\/2021\/01\/c746dc8e-f2a7-461b-8c65-e9f001371e73.jpg\" data-link=\"https:\/\/www.zauberhaft-salzburg.com\/?attachment_id=334\" class=\"wp-image-334\" srcset=\"https:\/\/www.zauberhaft-salzburg.com\/wp-content\/uploads\/2021\/01\/c746dc8e-f2a7-461b-8c65-e9f001371e73-575x1024.jpg 575w, https:\/\/www.zauberhaft-salzburg.com\/wp-content\/uploads\/2021\/01\/c746dc8e-f2a7-461b-8c65-e9f001371e73-168x300.jpg 168w, https:\/\/www.zauberhaft-salzburg.com\/wp-content\/uploads\/2021\/01\/c746dc8e-f2a7-461b-8c65-e9f001371e73-768x1368.jpg 768w, https:\/\/www.zauberhaft-salzburg.com\/wp-content\/uploads\/2021\/01\/c746dc8e-f2a7-461b-8c65-e9f001371e73-862x1536.jpg 862w, https:\/\/www.zauberhaft-salzburg.com\/wp-content\/uploads\/2021\/01\/c746dc8e-f2a7-461b-8c65-e9f001371e73.jpg 898w\" sizes=\"(max-width: 575px) 100vw, 575px\" \/><\/figure><\/li><\/ul><\/figure>\n\n\n\n<figure class=\"wp-block-gallery columns-2 is-cropped\"><ul class=\"blocks-gallery-grid\"><li class=\"blocks-gallery-item\"><figure><img loading=\"lazy\" width=\"683\" height=\"1024\" src=\"https:\/\/www.zauberhaft-salzburg.com\/wp-content\/uploads\/2021\/01\/IMG_4495-683x1024.jpg\" alt=\"\" data-id=\"305\" data-full-url=\"https:\/\/www.zauberhaft-salzburg.com\/wp-content\/uploads\/2021\/01\/IMG_4495-scaled.jpg\" data-link=\"https:\/\/www.zauberhaft-salzburg.com\/?attachment_id=305\" class=\"wp-image-305\" srcset=\"https:\/\/www.zauberhaft-salzburg.com\/wp-content\/uploads\/2021\/01\/IMG_4495-683x1024.jpg 683w, https:\/\/www.zauberhaft-salzburg.com\/wp-content\/uploads\/2021\/01\/IMG_4495-200x300.jpg 200w, https:\/\/www.zauberhaft-salzburg.com\/wp-content\/uploads\/2021\/01\/IMG_4495-768x1152.jpg 768w, https:\/\/www.zauberhaft-salzburg.com\/wp-content\/uploads\/2021\/01\/IMG_4495-1024x1536.jpg 1024w, https:\/\/www.zauberhaft-salzburg.com\/wp-content\/uploads\/2021\/01\/IMG_4495-1365x2048.jpg 1365w, https:\/\/www.zauberhaft-salzburg.com\/wp-content\/uploads\/2021\/01\/IMG_4495-scaled.jpg 1707w\" sizes=\"(max-width: 683px) 100vw, 683px\" \/><\/figure><\/li><li class=\"blocks-gallery-item\"><figure><img loading=\"lazy\" width=\"683\" height=\"1024\" src=\"https:\/\/www.zauberhaft-salzburg.com\/wp-content\/uploads\/2021\/01\/IMG_4496-1-683x1024.jpg\" alt=\"\" data-id=\"306\" data-full-url=\"https:\/\/www.zauberhaft-salzburg.com\/wp-content\/uploads\/2021\/01\/IMG_4496-1-scaled.jpg\" data-link=\"https:\/\/www.zauberhaft-salzburg.com\/?attachment_id=306\" class=\"wp-image-306\" srcset=\"https:\/\/www.zauberhaft-salzburg.com\/wp-content\/uploads\/2021\/01\/IMG_4496-1-683x1024.jpg 683w, https:\/\/www.zauberhaft-salzburg.com\/wp-content\/uploads\/2021\/01\/IMG_4496-1-200x300.jpg 200w, https:\/\/www.zauberhaft-salzburg.com\/wp-content\/uploads\/2021\/01\/IMG_4496-1-768x1152.jpg 768w, https:\/\/www.zauberhaft-salzburg.com\/wp-content\/uploads\/2021\/01\/IMG_4496-1-1024x1536.jpg 1024w, https:\/\/www.zauberhaft-salzburg.com\/wp-content\/uploads\/2021\/01\/IMG_4496-1-1365x2048.jpg 1365w, https:\/\/www.zauberhaft-salzburg.com\/wp-content\/uploads\/2021\/01\/IMG_4496-1-scaled.jpg 1707w\" sizes=\"(max-width: 683px) 100vw, 683px\" \/><\/figure><\/li><\/ul><\/figure>\n\n\n\n<div class=\"wp-block-image\"><figure class=\"aligncenter\"><img loading=\"lazy\" width=\"768\" height=\"768\" src=\"http:\/\/www.zauberhaft-salzburg.com\/wp-content\/uploads\/2016\/05\/elisabeth-768x768.jpg\" alt=\"elisabeth\" class=\"wp-image-156\" srcset=\"https:\/\/www.zauberhaft-salzburg.com\/wp-content\/uploads\/2016\/05\/elisabeth-768x768.jpg 768w, https:\/\/www.zauberhaft-salzburg.com\/wp-content\/uploads\/2016\/05\/elisabeth-150x150.jpg 150w, https:\/\/www.zauberhaft-salzburg.com\/wp-content\/uploads\/2016\/05\/elisabeth-300x300.jpg 300w, https:\/\/www.zauberhaft-salzburg.com\/wp-content\/uploads\/2016\/05\/elisabeth.jpg 1000w\" sizes=\"(max-width: 768px) 100vw, 768px\" \/><\/figure><\/div>\n\n\n\n<div class=\"wp-block-image\"><figure class=\"aligncenter\"><img loading=\"lazy\" width=\"768\" height=\"768\" src=\"http:\/\/www.zauberhaft-salzburg.com\/wp-content\/uploads\/2016\/05\/brigitte1-768x768.jpg\" alt=\"brigitte1\" class=\"wp-image-155\" srcset=\"https:\/\/www.zauberhaft-salzburg.com\/wp-content\/uploads\/2016\/05\/brigitte1-768x768.jpg 768w, https:\/\/www.zauberhaft-salzburg.com\/wp-content\/uploads\/2016\/05\/brigitte1-150x150.jpg 150w, https:\/\/www.zauberhaft-salzburg.com\/wp-content\/uploads\/2016\/05\/brigitte1-300x300.jpg 300w, https:\/\/www.zauberhaft-salzburg.com\/wp-content\/uploads\/2016\/05\/brigitte1.jpg 1000w\" sizes=\"(max-width: 768px) 100vw, 768px\" \/><\/figure><\/div>\n\n\n\n<div class=\"wp-block-image\"><figure class=\"aligncenter\"><img loading=\"lazy\" width=\"768\" height=\"768\" src=\"http:\/\/www.zauberhaft-salzburg.com\/wp-content\/uploads\/2016\/05\/barbara1-768x768.jpg\" alt=\"barbara1\" class=\"wp-image-154\" srcset=\"https:\/\/www.zauberhaft-salzburg.com\/wp-content\/uploads\/2016\/05\/barbara1-768x768.jpg 768w, https:\/\/www.zauberhaft-salzburg.com\/wp-content\/uploads\/2016\/05\/barbara1-150x150.jpg 150w, https:\/\/www.zauberhaft-salzburg.com\/wp-content\/uploads\/2016\/05\/barbara1-300x300.jpg 300w, https:\/\/www.zauberhaft-salzburg.com\/wp-content\/uploads\/2016\/05\/barbara1.jpg 1000w\" sizes=\"(max-width: 768px) 100vw, 768px\" \/><\/figure><\/div>\n\n\n\n<div class=\"wp-block-image\"><figure class=\"aligncenter\"><img loading=\"lazy\" width=\"768\" height=\"768\" src=\"http:\/\/www.zauberhaft-salzburg.com\/wp-content\/uploads\/2016\/05\/barbara-768x768.jpg\" alt=\"barbara\" class=\"wp-image-153\" srcset=\"https:\/\/www.zauberhaft-salzburg.com\/wp-content\/uploads\/2016\/05\/barbara-768x768.jpg 768w, https:\/\/www.zauberhaft-salzburg.com\/wp-content\/uploads\/2016\/05\/barbara-150x150.jpg 150w, https:\/\/www.zauberhaft-salzburg.com\/wp-content\/uploads\/2016\/05\/barbara-300x300.jpg 300w, https:\/\/www.zauberhaft-salzburg.com\/wp-content\/uploads\/2016\/05\/barbara.jpg 1000w\" sizes=\"(max-width: 768px) 100vw, 768px\" \/><\/figure><\/div>\n\n\n\n<div class=\"wp-block-image\"><figure class=\"aligncenter\"><img loading=\"lazy\" width=\"768\" height=\"768\" src=\"http:\/\/www.zauberhaft-salzburg.com\/wp-content\/uploads\/2016\/05\/alle-768x768.jpg\" alt=\"alle\" class=\"wp-image-152\" srcset=\"https:\/\/www.zauberhaft-salzburg.com\/wp-content\/uploads\/2016\/05\/alle-768x768.jpg 768w, https:\/\/www.zauberhaft-salzburg.com\/wp-content\/uploads\/2016\/05\/alle-150x150.jpg 150w, https:\/\/www.zauberhaft-salzburg.com\/wp-content\/uploads\/2016\/05\/alle-300x300.jpg 300w, https:\/\/www.zauberhaft-salzburg.com\/wp-content\/uploads\/2016\/05\/alle.jpg 1000w\" sizes=\"(max-width: 768px) 100vw, 768px\" \/><\/figure><\/div>\n","protected":false},"excerpt":{"rendered":"<p>Ein Abendkleid &#8211; gemacht nur f\u00fcr die Frau, die es tr\u00e4gt -ist ein Traum f\u00fcr Viele. Im Atelier Zauberhaft kreiere ich Ihnen Ihren pers\u00f6nlichen, atemberaubenden Hingucker, \u00fcber den Sie sich ein ganzes Leben freuen werden!<\/p>\n","protected":false},"author":1,"featured_media":0,"parent":0,"menu_order":4,"comment_status":"closed","ping_status":"closed","template":"","meta":[],"amp_validity":null,"amp_enabled":true,"_links":{"self":[{"href":"https:\/\/www.zauberhaft-salzburg.com\/index.php?rest_route=\/wp\/v2\/pages\/49"}],"collection":[{"href":"https:\/\/www.zauberhaft-salzburg.com\/index.php?rest_route=\/wp\/v2\/pages"}],"about":[{"href":"https:\/\/www.zauberhaft-salzburg.com\/index.php?rest_route=\/wp\/v2\/types\/page"}],"author":[{"embeddable":true,"href":"https:\/\/www.zauberhaft-salzburg.com\/index.php?rest_route=\/wp\/v2\/users\/1"}],"replies":[{"embeddable":true,"href":"https:\/\/www.zauberhaft-salzburg.com\/index.php?rest_route=%2Fwp%2Fv2%2Fcomments&post=49"}],"version-history":[{"count":9,"href":"https:\/\/www.zauberhaft-salzburg.com\/index.php?rest_route=\/wp\/v2\/pages\/49\/revisions"}],"predecessor-version":[{"id":335,"href":"https:\/\/www.zauberhaft-salzburg.com\/index.php?rest_route=\/wp\/v2\/pages\/49\/revisions\/335"}],"wp:attachment":[{"href":"https:\/\/www.zauberhaft-salzburg.com\/index.php?rest_route=%2Fwp%2Fv2%2Fmedia&parent=49"}],"curies":[{"name":"wp","href":"https:\/\/api.w.org\/{rel}","templated":true}]}}